5/129)*-3. What is the highest common factor of 6 and t?
3
Let k = -6398 + 6466. Calculate the greatest common divisor of 4454 and k.
34
Suppose -2*z + 5*t = 6 + 19, 4*z - 3*t + 15 = 0. Suppose 5*l - l - 44 = z. Suppose 130*j + 132 = 133*j. What is the greatest common factor of j and l?
11
Let n be (-12)/(-2)*6/12. Suppose -n*c - 28 = -5*k, -3*k - c + 4 = -2*k. Suppose 0 = -11*q + 712 - 107. What is the greatest common factor of k and q?
5
Let v be (-2)/(-8)*2*(-28 - -42). Suppose -483 = v*x - 875. Calculate the greatest common factor of 42 and x.
14
Let u = -19989 - -40939. Calculate the highest common factor of u and 100.
50
Let q = -372 + 544. Let n be (-1)/(q/58 + (-30)/10). What is the highest common divisor of 145 and n?
29
Let p be ((-36)/(-6) + 69)*8/10. Suppose -36 = -4*f + p. What is the highest common divisor of f and 456?
24
Let p(b) = b**2 - 3*b - 2. Let d be p(5). Suppose 193 = d*q + 65. Calculate the highest common divisor of 144 and q.
16
Suppose -3*i - 2*u + u = -139, 4*i = -u + 184. Let m(f) = 4*f**3 - 2*f**2 + 3*f - 3. Let g be m(2). Calculate the greatest common factor of g and i.
9
Let i = -884 - -899. What is the greatest common factor of i and 9645?
15
Suppose 628*r - 10431 = -3*j + 625*r, -4*j + 2*r + 13908 = 0. What is the greatest common divisor of 1464 and j?
183
Suppose 2*d = 3*f - 11 + 43, 21 = 3*d + 9*f. What is the greatest common factor of 3679 and d?
13
Let i be (-2)/(-8) + 42/56. Suppose i + 21 = 2*z. Suppose z*q - 1682 - 100 = 0. What is the highest common factor of 27 and q?
27
Let a = 7487 - 7486. What is the highest common divisor of 13 and a?
1
Suppose 4*t + 26*z = 23*z + 64, -64 = -4*t - 2*z. Suppose -t - 558 = -7*c. What is the highest common divisor of c and 2?
2
Suppose -p = 3*n - 730, -24*p - 1245 = -5*n - 20*p. Calculate the highest common factor of n and 525.
35
Let v(g) = g**3 + g**2 + 17*g + 2774. Let t be v(0). Calculate the greatest common divisor of t and 76.
38
Suppose 2*o - 864 = -2*o. Let x(k) = -234*k + 6111. Let q be x(26). Calculate the highest common divisor of o and q.
27
Suppose -2*c + 1470 = 2*o, 5*c = -4*o - 2*o + 4416. What is the greatest common divisor of 182 and o?
13
Let u be ((-117504)/(-2295))/(2/(-6)*(-3)/40). Calculate the greatest common divisor of u and 8.
8
Let r = 51 - 42. Let s be 4/(-6)*-3 + r + -8. Suppose -3*y + 114 = s*y. Calculate the greatest common divisor of 19 and y.
19
Let l be ((-11776)/(-276))/(-2*(-2)/72). Suppose 7*k + l = 9*k. Calculate the highest common factor of 48 and k.
48
Let m = -3015 + 3180. Let s(f) = 5*f. Let i be s(6). What is the greatest common divisor of i and m?
15
Let t(y) = -5*y + 3. Let n be t(-7). Let q(w) = -7*w - 9*w**2 + w**2 + 10*w**2 + 153 + 58*w. Let z be q(-23). What is the greatest common factor of z and n?
38
Suppose 239 - 2714 = -9*g. Let p = -233 + g. What is the greatest common factor of p and 63?
21
Let x = 123 - 113. Suppose -252 = -x*d + d. What is the highest common divisor of d and 14?
14
Let z = -17118 + 24570. Calculate the highest common divisor of z and 72.
36
Let p(t) = 611*t + 1300. Let r be p(-2). Calculate the highest common divisor of r and 1002.
6
Let t(a) = -a**2 - 11*a - 20. Let c be (4 + (-14)/3)*(-11 + -1). Let j be 5*(0 + c/(-5)). Let p be t(j). Calculate the greatest common factor of p and 8.
4
Suppose -179*n + 7804 = -1146. Calculate the greatest common divisor of n and 275.
25
Let g(i) = 3*i**2 - 4*i - 20. Let p be g(6). Let m(n) = -n**2 - 4*n + 6. Let o be m(-9). Let j = -23 - o. What is the greatest common divisor of j and p?
16
Suppose 3*y + 42*o - 44*o - 441 = 0, 5*o + 459 = 3*y. What is the highest common divisor of y and 495?
11
Let u = 4 - -10. Let d = u + -10. Let x = 5626 + -5616. What is the greatest common factor of x and d?
2
Suppose 0 = -282*b + 233*b + 23275. Calculate the highest common divisor of b and 323.
19
Let l(h) = -h**2 - 97*h - 646. Let f be l(-38). Calculate the highest common factor of f and 140.
28
Let b = -12 - -4. Let x = b + 24. Suppose -890 = -5*r + 5*k, 657*r - 5*k + 342 = 659*r. Calculate the greatest common divisor of r and x.
16
Suppose 2*h - 4*d = 426, -5*d = h - 367 + 126. Calculate the greatest common factor of h and 289.
17
Suppose -4 = -2*c - 0. Suppose -5*o - 125 + 746 = c*v, 0 = -3*v + 9. Calculate the greatest common factor of 82 and o.
41
Let y be (-644 + -1)*(-2)/18*-3. Let c be (y/(-10) + -5)*2. What is the greatest common divisor of 121 and c?
11
Suppose -2*v - v + 90685 = 4*d, -3*d - 5*v + 68011 = 0. What is the greatest common factor of d and 16?
16
Let s = 1318620 - 1318575. Let h(r) = -16*r**2 + 2*r - 1. Let j be h(1). Let f be (j/2)/((-2)/60). Calculate the greatest common divisor of f and s.
45
Let d = 11 - 7. Let l(t) = -3*t - 5*t + 12*t + d - 31. Let q be l(11). What is the highest common divisor of q and 51?
17
Let l(d) = -3*d**2 + 41*d + 18. Let j be l(14). Suppose -4*a - 20 = -4*w, -9*a - 18 = -4*w - j*a. What is the greatest common divisor of 679 and w?
7
Let r(f) = -3*f**3 + 4*f**2 + 16*f - 74. Let b be r(4). Let n = b - -144. What is the highest common divisor of 486 and n?
6
Let p be -56*(-3 - 0) + -6. Calculate the highest common factor of 57 and p.
3
Let m = 38259 + -38248. What is the greatest common factor of m and 24013?
11
Suppose -2*h = -10, -146*x - 4*h + 10996 = -144*x. Calculate the highest common factor of x and 16.
16
Suppose 39521 = 14*b + 34481. What is the greatest common divisor of 1044 and b?
36
Let b(m) = 4*m**2 - 88*m - 8 - 9 + 88*m + 5. Let t be b(-3). Calculate the greatest common divisor of t and 54.
6
Let s be 20 - -224*(-6)/(-6). What is the highest common factor of s and 366?
122
Let w(x) = 6*x + 6. Let a be w(1). Let f be -17*(-1 - 0)*1. Suppose 5*i - f = 43. Calculate the highest common factor of i and a.
12
Suppose x + 7 = 2*b, 4*b - 5*x - 2 = 3. Suppose 0 = -l - j + 99, l + b*j + 0*j - 95 = 0. What is the greatest common divisor of l and 30?
10
Let y(j) = 9*j + 22*j**2 - 10*j**2 - 24 + 33. Let w be y(-1). Let t be (-418)/(-8) - 3/w. Calculate the greatest common factor of t and 13.
13
Let d be (-338220)/(-63) + 356/(-623). Calculate the greatest common factor of 792 and d.
88
Let p(s) = -s**3 - s**2 - s + 200. Let m be p(0). Suppose 8 = 6*y + m. Let z be (-2*(-60)/32)/((-6)/y). Calculate the greatest common factor of 4 and z.
4
Let t(a) = 3*a**2 - 8*a + 91. Let x be t(8). Suppose -k - x = -v, 5*k = -5*v + 1217 - 152. Let d = 75 + -48. What is the greatest common divisor of d and v?
27
Suppose 5*y + 5*n = 1280, -83 + 107 = -3*n. What is the greatest common divisor of 3912 and y?
24
Let u(z) = -2*z + 9. Let o be u(3). Suppose 0 = o*x - 8*x + 70. Calculate the highest common factor of 98 and x.
14
Let j = -5536 - -5593. What is the greatest common factor of 27151 and j?
19
Let b be 922 - ((-70)/(-2))/5. What is the highest common factor of 244 and b?
61
Suppose x + 2*d - 7*d = 10, 3*x + 5*d = 50. Calculate the highest common divisor of x and 96810.
15
Let g = -12 + 13. Let p = -3084 - -3088. Calculate the highest common divisor of p and g.
1
Let t(x) = 2*x**2 + 99*x - 410. Let o be t(-56). Calculate the highest common divisor of o and 9.
3
Let z(f) be the second derivative of -f**3/3 - 10*f**2 - 6*f. Let u be z(8). Let a = 42 + u. What is the highest common divisor of a and 3?
3
Let g(y) = -y**2 - 19*y + 116. Let k be g(-24). Let a be (k - (4 + -11 - -3)) + 10. Calculate the greatest common factor of 410 and a.
10
Let r = 15 + 2. Let i = -429 + 394. Let d be 7/i + 4768/40. What is the greatest common divisor of r and d?
17
Let k = -1100 - -1600. Suppose -k + 696 = 4*z. What is the highest common divisor of z and 56?
7
Suppose -5*t = 41*y - 37*y - 305, -2*t + 4*y + 150 = 0. Calculate the greatest common divisor of 416 and t.
13
Let p be (-27)/((-1512)/(-140)) + 1993/2. Calculate the greatest common factor of 42 and p.
14
Let b = 3857 + -3833. Let d(k) = k**3 + k**2 + k + 3. Let c be d(0). Suppose -c*u - b = -11*u. Calculate the highest common factor of 24 and u.
3
Let i(p) = -45*p - 8 - 2 - 17 + 4. Let x be i(-1). Calculate the highest common factor of 99 and x.
11
Let d = -18196 + 18278. Calculate the greatest common divisor of 252 and d.
2
Let r = -13343 - -13471. What is the greatest common factor of r and 3